*w + 11. List the prime factors of b(7).
3, 13
Let r(p) = -2*p**3 - 23*p**2 - 5*p + 6. Let n be r(-12). List the prime factors of (-8)/10 - -58*n/100.
11
What are the prime factors of ((-72)/20)/3*(-3580)/3?
2, 179
Let l(g) = -g**3 - 7*g**2 - 8*g - 10. Let h be l(-6). Let v(f) = 3*f - 2*f + f**2 - h*f + 21 - 28. What are the prime factors of v(-7)?
7
Suppose 15*l = 2693 + 21727. List the prime factors of l.
2, 11, 37
Let d(c) = -5*c**3 + 3*c**2 + 4*c + 2. Let i = -15 - -13. Let a be d(i). Let x = a - 22. List the prime factors of x.
2, 3
What are the prime factors of (1769 - 1) + ((-30)/3)/(-5)?
2, 3, 5, 59
Suppose -1209 + 291 = -2*n. Suppose -10*g + 381 = -n. What are the prime factors of g?
2, 3, 7
Suppose 0 = -3*j - 5*k + 14 - 5, 2*j - 4*k - 6 = 0. Suppose 0 = a - 6*a + 2*v + 184, -j*a = -5*v - 99. List the prime factors of a.
2, 19
Let f(b) = -2*b - 3. Let g(i) = 5*i + 6. Let u = 9 + -12. Let w(p) = u*g(p) - 5*f(p). What are the prime factors of w(-2)?
7
List the prime factors of (0 - 63/(-6))/(36/15576).
7, 11, 59
Let i be (-225)/(-5) - (1 - 1). Suppose 6*f + i = 3*f. What are the prime factors of (f - 1)*(-3 + 2)?
2
Suppose -14*o + 37 + 5 = 0. Suppose -o*x - 15 = 0, 7*s - 3*s - 2*x = 274. What are the prime factors of s?
2, 3, 11
Let b be (7 - 5)*(-153)/(-6). Suppose 0 = i - 27 - b. What are the prime factors of i?
2, 3, 13
List the prime factors of (-1 - 33/(-39)) + (-851382)/(-754).
1129
Let l = 12 + -7. Let a be -1 - 1 - (-67 - l). List the prime factors of (-2)/(-4)*a - 2.
3, 11
Let p = -35 + 35. Suppose -13*c = -p*c - 1612. List the prime factors of c.
2, 31
Let f(g) = -g**3 + 6*g**2 - 4*g - 3. Let v be 0 - -2 - (-6)/2. Let b be f(v). Suppose 2*r + 2*r + 2*d - 32 = 0, -31 = -5*r + b*d. List the prime factors of r.
7
Let z be ((-10)/3)/((-4)/522). Suppose 4*y - z = y - 2*p, -5*p = 5*y - 725. What are the prime factors of y?
5, 29
Suppose -2*a - 27*i + 29*i + 1068 = 0, 4*a = -i + 2141. List the prime factors of a.
5, 107
Let m be 4/(-10) - 2/(-5). Suppose 3*l + 49 + 218 = m. Let y = l + 146. List the prime factors of y.
3, 19
Let x = -17 - -13. Let h be 48/(-22) - x/22. What are the prime factors of h/4 + (-110)/(-4)?
3
Let u be (78/4)/((-3)/(-6)). Suppose -5*s + 237 = 2*j + u, 130 = 3*s + 4*j. What are the prime factors of s?
2, 19
List the prime factors of (-147)/(-245) + (-1)/((-10)/13974).
2, 3, 233
Let y(c) = 3*c**2 + 2*c + 20. Let f be y(-13). Suppose 4*n + f = 7*n. What are the prime factors of n?
167
Suppose 3*l = 5*g - 42, -3*l = 3*g - 19 - 11. Let s = -9 + g. Suppose -f + 21 + 3 = s. What are the prime factors of f?
2, 3
Suppose -2*s - 1840 = -5*z, 3*s - 328 = -z + 23. What are the prime factors of z?
2, 3, 61
Let s(c) = -7*c**2 - 22*c - 20. Let g(r) = 13*r**2 + 43*r + 39. Let k(m) = -6*g(m) - 11*s(m). Suppose -9*l = 54*l + 441. List the prime factors of k(l).
7
Suppose f = -55 - 71. Let d = 208 + f. What are the prime factors of d?
2, 41
Let v be 0*-1*(-2)/(-10). Suppose -18 = -5*h + 3*z - v*z, 3*h = -5*z + 4. What are the prime factors of h?
3
Suppose -4*w - 1340 = -0*w. Let a = 518 + w. List the prime factors of a.
3, 61
Suppose 12*h = 15*h - 1509. List the prime factors of h.
503
Let b(i) = -i - 1. Let v be b(6). Let j = -70 + 54. Let m = v - j. List the prime factors of m.
3
Let k(t) = t**3 + 20*t**2 + 11*t - 21. Let g(j) = -j**2 + 22*j - 59. Let r be g(20). What are the prime factors of k(r)?
131
Let f(a) = -a**2 + 21*a + 13. List the prime factors of f(9).
11
Let p = 18 + -10. Suppose -2*h + p = 2*h. Suppose 2*x - 92 = -h*x. What are the prime factors of x?
23
What are the prime factors of 750/4*(204/(-18))/(-17)?
5
Let s be 1/4 - 7/(-4). Suppose -6*r + 380 = -s*r. What are the prime factors of r?
5, 19
Let x be (0 + 2/4)*-134. Suppose 4*o + 20 + 148 = 0. Let k = o - x. List the prime factors of k.
5
Let w(r) = r**3 + 9*r**2 - 11*r - 20. List the prime factors of w(-9).
79
Let n(w) = -w**3 + 24*w**2 + 3. Let d be n(24). Suppose -d*v = -12, -35 = -u + v + 78. What are the prime factors of u?
3, 13
Let f = -277 + 422. List the prime factors of f.
5, 29
Let r(s) = s**3 + 7*s**2 + 2*s - 4. Let f = 15 + -18. List the prime factors of r(f).
2, 13
Let t(z) = -z - 5. Let o be t(-6). Suppose -2*x + o = -1, 5*d = -5*x + 590. Suppose 0*p = 3*p - d. List the prime factors of p.
3, 13
Let j = 26 + -20. What are the prime factors of (-4)/j*(-12)/1?
2
Let a(c) be the first derivative of c**4/4 - 7*c**3/3 - 8*c**2 + 16*c + 5. List the prime factors of a(9).
2, 17
Suppose 5*w = 25, -l + w + 3855 = -3*w. List the prime factors of l.
5, 31
Let k(f) = 1 + 3*f - 5*f + 0*f + 6. Let b(y) = -8*y - 1. Let l be b(1). List the prime factors of k(l).
5
Let g(s) = -64*s**2 + 204*s**2 - 74*s**2 - 8 - 64*s**2. Let z be (-4)/10 + 46/(-10). What are the prime factors of g(z)?
2, 3, 7
Suppose x = 166 + 484. List the prime factors of x.
2, 5, 13
Let q = -91 + 184. Let f(c) = -c**3 + 2*c**2 - 7*c - 56. Let p be f(0). Let n = p + q. List the prime factors of n.
37
Let g(i) = 6*i - 20 + 23 - 16. Let x be g(-9). Let s = x + 109. What are the prime factors of s?
2, 3, 7
Let x be 2/(-1*2)*(10 - 287). Let u = -159 + x. What are the prime factors of u?
2, 59
Let w(h) = 2*h**3 - 18*h**2 - 10*h + 87. Let m(s) = s**3 - 10*s**2 - 5*s + 43. Let v(l) = -5*m(l) + 2*w(l). What are the prime factors of v(12)?
307
Let a(x) = 0*x - 4*x**3 - x + 0 - 6. List the prime factors of a(-3).
3, 5, 7
Suppose 4*h + 17 - 57 = 0. What are the prime factors of 5/(h/106) - 2?
3, 17
Suppose 4*d + 1151 = 3*s, 33*s + 5*d = 37*s - 1535. What are the prime factors of s?
5, 7, 11
Suppose 5*n = 4*n + 37. List the prime factors of n + 4 + -1 + -4.
2, 3
What are the prime factors of 1102 - (28/(-126) + 94/18)?
1097
Let r(n) be the second derivative of n**7/84 + n**6/720 - n**5/60 + n**4/3 + 6*n. Let x(m) be the third derivative of r(m). List the prime factors of x(1).
29
Suppose -2*a - 4 = 18. Let z = a + 49. List the prime factors of z.
2, 19
Let z(p) = -p**3 - 12*p**2 - 8*p + 7. Let r(v) = -v + 1. Let o(w) = -2*r(w) - z(w). Suppose -33 = 6*s - 3*s. What are the prime factors of o(s)?
2
Let c be 3/((-21)/(-140))*1*-16. Let q = c + 563. What are the prime factors of q?
3
Suppose -12*q - 39 = 57. List the prime factors of 42 - ((-18)/8 - 2/q).
2, 11
Suppose 956 + 976 = 21*s. What are the prime factors of s?
2, 23
Let y = 225 + -102. What are the prime factors of y?
3, 41
Let j(r) = 16*r - 123. List the prime factors of j(25).
277
Suppose -17*f = -19711 - 16686. What are the prime factors of f?
2141
Suppose -d + 18 = -2*d. Let j = d + 44. List the prime factors of j.
2, 13
Let h be 3/((-18)/(-44)) + 42/63. Suppose h*t + 190 = 13*t. What are the prime factors of t?
2, 19
Let d(m) = -2*m - 8. Let x be d(-7). Suppose -10*k - 64 = -x*k. What are the prime factors of (3 - 0 - k)*1?
19
Let f = -1801 - -3200. What are the prime factors of f?
1399
Suppose 3*h + 7 + 176 = 2*n, 4*n = -5*h + 421. Let m = -37 + n. What are the prime factors of m?
2, 31
Let u(v) = v**3 + 15*v**2 - 8*v - 46. What are the prime factors of u(-11)?
2, 263
Suppose -3*b - 15*g + 13071 = -18*g, -4 = -2*g. What are the prime factors of b?
3, 1453
Suppose 2*y + 4 = y. List the prime factors of (-1)/y - (-1)/(24/3282).
137
Let n = -2749 + 4847. What are the prime factors of n?
2, 1049
Suppose 37*i = -2*m + 38*i + 5259, 0 = -2*m - 3*i + 5255. What are the prime factors of m?
11, 239
Let d = -1022 - -1097. What are the prime factors of d?
3, 5
Suppose 0*z = z - 31. Suppose 3*c - 3*y + z = -c, -4*c - 3*y = 49. What are the prime factors of -1*2*(c - -8)?
2
Let f = -22 - -22. Suppose -4*d + 166 = 3*g, f = -4*d + 5*g - 78 + 228. List the prime factors of (-180)/25*d/(-6).
2, 3
Let c = -169 - -566. List the prime factors of c.
397
Let d(a) = 2 - a - 73*a**2 + 0*a + 74*a**2 + 4. What are the prime factors of d(-8)?
2, 3, 13
Suppose 2*s + 2*z - 18 = 0, -z + 32 = 4*s + z. Let h(f) be the first derivative of f**3/3 - f**2 + 15*f - 470. List the prime factors of h(s).
2, 5
Let q(m) = m**3 - 3*m**2 + 2*m + 1004. List the prime factors of q(0).
2, 251
Suppose -3*d + p = -3*p + 98, 2*d - p + 72 = 0. Let g = d + 74. What are the prime factors of g?
2, 3
Let h be ((-4)/6)/((-2)/(-3)) + 2. Let q(g) = 66*g**3 + g**2 - 2*g + 1. List the prime facto